0230
-c6b0a0 (base 13) to base 15
-61d1d9
What is 57a601 (base 13) in base 7?
23450216
Convert -19c36 (base 16) to base 14.
-2a658
-140126263 (base 7) to base 2
-100010101001011110011111
422a51 (base 13) to base 15
208be9
What is 11111100100011 (base 2) in base 6?
202455
What is -131240311 (base 5) in base 16?
-9e8f0
What is 1120200130 (base 4) in base 11?
228408
-149107 (base 11) to base 16
-3892a
What is -1677b0 (base 13) in base 16?
-88904
Convert -21102022200 (base 3) to base 8.
-435162
What is -15b3 (base 12) in base 14?
-d27
112120220 (base 3) to base 10
10635
What is 4ea (base 16) in base 8?
2352
-66368 (base 11) to base 15
-1d7ce
Convert 100000010010111111110 (base 2) to base 8.
4022776
14e61 (base 15) to base 5
4123431
What is -14461054 (base 7) in base 5?
-323014110
-602260 (base 7) to base 12
-4aa04
1211112120220 (base 3) to base 7
11200602
Convert -1046605 (base 7) to base 14.
-3533c
236240 (base 7) to base 8
123771
5751607 (base 10) to base 15
7892a7
What is 500351 (base 8) in base 2?
101000000011101001
What is -210120221 (base 5) in base 6?
-30303043
Convert 150376 (base 8) to base 15.
10cbc
Convert 6232155 (base 7) to base 6.
24004330
-2010302 (base 4) to base 14
-3150
What is -18402783 (base 9) in base 7?
-141550245
What is 26154b (base 15) in base 12?
7413bb
Convert -352207 (base 11) to base 6.
-15553113
What is -18cc94 (base 14) in base 5?
-211134222
-10111100011101101 (base 2) to base 10
-96493
What is 268577 (base 9) in base 10?
163771
What is -5736121 (base 8) in base 12?
-630241
Convert 927a (base 14) to base 4.
12021230
What is 1100211220020 (base 3) in base 7?
6110343
-77640 (base 8) to base 16
-7fa0
What is 633875 (base 11) in base 3?
1220120200200
What is -102241312 (base 5) in base 12?
-1893a8
-10423175 (base 8) to base 6
-115545245
Convert -3b06a4 (base 14) to base 8.
-7613170
Convert 54130676 (base 8) to base 7.
200266314
215452520 (base 6) to base 3
21100200102010
-100122122121101 (base 3) to base 2
-10011100100100010101111
-1047490 (base 11) to base 16
-1c1399
What is 76760 (base 15) in base 14?
9b1bc
Convert 22572644 (base 8) to base 15.
670883
-1a974a5 (base 11) to base 5
-1400230011
What is 233214241 (base 5) in base 3?
2000100200122
Convert 391752 (base 12) to base 2.
11100100011111101110
Convert 1234535 (base 8) to base 9.
571565
What is 4372a (base 15) in base 6?
4331504
What is 2b1b7 (base 13) in base 9?
133845
17424010 (base 8) to base 7
46424015
46365563 (base 7) to base 11
2328580
-1943162 (base 12) to base 8
-24212432
-11000001111110101 (base 2) to base 12
-49585
What is 580333 (base 9) in base 2?
1010100111101100110
Convert 179243 (base 11) to base 14.
72726
What is 1125354 (base 7) in base 15?
2bc59
What is -331411041 (base 5) in base 8?
-5363012
-2763781 (base 9) to base 15
-1eed7d
Convert -10158 (base 15) to base 9.
-76772
-72741 (base 11) to base 13
-39360
What is 98614 (base 13) in base 8?
1032310
-4012400344 (base 5) to base 13
-184a672
10a69a (base 11) to base 3
22220022202
What is -30213332 (base 5) in base 3?
-110021120111
-21235714 (base 8) to base 7
-53365154
-7775 (base 10) to base 5
-222100
-175bb4 (base 13) to base 8
-2165023
-692647 (base 11) to base 6
-35335334
1405774 (base 11) to base 14
471204
Convert -1303331 (base 5) to base 11.
-18151
What is 11222321404 (base 5) in base 12?
4304702
Convert -1001302211 (base 4) to base 12.
-10bb45
What is aa46 (base 13) in base 16?
5ca6
Convert -79b21 (base 15) to base 3.
-201200012211
-1022123201 (base 4) to base 2
-1001010011011100001
What is 2fe8c (base 16) in base 5?
22234421
1000111000000011011 (base 2) to base 15
5b298
What is 9d981 (base 14) in base 7?
3154321
Convert -30010331 (base 5) to base 16.
-39653
4571b4 (base 14) to base 12
95b536
What is 160116 (base 8) in base 10?
57422
What is 2218 (base 11) in base 6?
21311
Convert 2105535 (base 7) to base 11.
1639a2
What is -12112200212 (base 3) in base 6?
-2201122
400242103 (base 5) to base 11
983792
What is -1235902 (base 11) in base 6?
-113552032
Convert -6653326 (base 8) to base 9.
-3330670
Convert -102518 (base 10) to base 13.
-37880
Convert 20870 (base 13) to base 12.
29a85
-1a0 (base 14) to base 16
-150
311342044 (base 5) to base 14
253938
What is 1112222100211 (base 3) in base 16?
c9b6e
What is -2100112021 (base 3) in base 6?
-554224
What is -14359 (base 10) in base 8?
-34027
Convert 533512343 (base 6) to base 15.
c60a69
1514660 (base 8) to base 12
18a3a8
What is 10000010100000110 (base 2) in base 3?
10101122220
What is -418867 (base 10) in base 8?
-1462063
Convert 59a3c (base 14) to base 13.
78780
Convert -1527a31 (base 11) to base 6.
-132030055
1010101010101000011 (base 2) to base 12
14a317
Convert 1121010222 (base 3) to base 13.
11417
-255876 (base 15) to base 12
-724319
What is c53e (base 16) in base 4?
30110332
What is -3303233120 (base 4) in base 11?
-6220a0
Convert -3211416 (base 7) to base 16.
-5f18a
Convert 101011011011101000 (base 2) to base 8.
533350
Convert -31838 (base 10) to base 5.
-2004323
Convert 260136 (base 13) to base 15.
130ce6
-24555020 (base 7) to base 10
-2215451
-6b394 (base 15) to base 2
-1010011011010111001
-48aa (base 12) to base 6
-101534
-23412521 (base 6) to base 16
-b2ec1
30a26 (base 13) to base 4
111111231
Convert -43478 (base 9) to base 2.
-111000010011010
What is 1015215 (base 7) in base 2?
11101110000010011
Convert 3543402 (base 9) to base 14.
37d153
30456 (base 8) to base 15
3ae5
What is c466c (base 13) in base 10?
352624
-10231332 (base 4) to base 15
-5ad6
-2564345 (base 7) to base 10
-335291
-311757 (base 8) to base 12
-4ba13
221010402 (base 6) to base 2
1111001000100011100010
Convert 8ec16 (base 15) to base 11.
290910
Convert 2aab87 (base 13) to base 4.
10000313220
What is -21243113 (base 6) in base 11?
-399880
Convert -124453333 (base 6) to base 10.
-2464473
Convert -3158a (base 15) to base 11.
-a7648
8320686 (base 10) to base 3
120122201211120
Convert -2130030101 (base 4) to base 13.
-195275
173556 (base 8) to base 7
352446
Convert -574774 (base 12) to base 8.
-5251110
What is -671216 (base 10) in base 6?
-22215252
-22211221001021 (base 3) to base 14
-8a5bd3
Convert 4eba96 (base 15) to base 5.
1432121031
What is -1586539 (base 12) in base 14?
-82a177
-4243310 (base 5) to base 16
-11819
What is -57b816 (base 13) in base 14?
-3c2a14
-547474 (base 9) to base 8
-1176507
What is 5415411 (base 6) in base 14?
6d3b1
-321113110 (base 4) to base 10
-234964
23122101 (base 5) to base 13
7375a
Convert -1013200 (base 4) to base 9.
-6244
What is 6d0884 (base 16) in base 14?
d40124
Convert -2c684 (base 14) to base 10.
-111052
What is 73a901 (base 13) in base 2?
1010010101001100000010
Convert -124848 (base 9) to base 13.
-28652
-411826 (base 11) to base 6
-22100552
-5c4b6 (base 15) to base 8
-1077450
Convert -101001110101001110101 (base 2) to base 9.
-2518265
What is -11856 (base 16) in base 5?
-4244031
Convert 1ec8b (base 16) to base 11.
86809
10100111000001011100001 (base 2) to base 7
64343151
Convert -854fe (base 16) to base 10.
-546046
Convert -2672997 (base 10) to base 14.
-4d81a5
cee38 (base 15) to base 7
5410142
-441512 (base 8) to base 16
-2434a
-20367c7 (base 13) to base 8
-45152345
What is -12578473 (base 10) in base 7?
-211625635
What is 3358609 (base 11) in base 16?
59c238
Convert 39a1136 (base 11) to base 15.
91802d
What is 25232154 (base 7) in base 2?
1000101011111000111010
Convert -271895 (base 10) to base 6.
-5454435
What is 2a87249 (base 13) in base 3?
221121111112020
Convert 30477 (base 12) to base 16.
f59b
What is -221716 (base 9) in base 13?
-48429
-51d19 (base 15) to base 10
-259449
What is -12012120120100 (base 3) in base 5?
-1202020334
3fb (base 16) to base 8
1773
Convert 1672606 (base 8) to base 10.
488838
What is 242677 (base 9) in base 7?
1146460
What is -62e612 (base 16) in base 4?
-120232120102
-283572 (base 14) to base 7
-14556102
What is 111100011011101101100 (base 2) in base 13?
544474
Convert -1203063 (base 7) to base 9.
-251863
-2a317cc (base 13) to base 3
-221022121212012
Convert 11010011111100111001 (base 2) to base 9.
1562784
Convert 118a999 (base 13) to base 3.
101020220021112
What is -1737575 (base 8) in base 16?
-7bf7d
What is -3320130331 (base 4) in base 2?
-11111000011100111101
125524451 (base 6) to base 4
21212011